{"id":3151,"date":"2025-12-01T19:49:24","date_gmt":"2025-12-01T19:49:24","guid":{"rendered":"https:\/\/revistaquiote.org\/?page_id=3151"},"modified":"2026-02-15T17:02:48","modified_gmt":"2026-02-15T17:02:48","slug":"quiote-numero-5","status":"publish","type":"page","link":"https:\/\/revistaquiote.org\/?page_id=3151","title":{"rendered":"QUIOTE N\u00daMERO 5"},"content":{"rendered":"<p>[et_pb_section fb_built=\u00bb1&#8243; _builder_version=\u00bb4.25.2&#8243; _module_preset=\u00bbdefault\u00bb background_color=\u00bb#f9f9f9&#8243; custom_padding=\u00bb||1px|||\u00bb global_colors_info=\u00bb{}\u00bb][et_pb_row column_structure=\u00bb1_2,1_2&#8243; _builder_version=\u00bb4.27.0&#8243; _module_preset=\u00bbdefault\u00bb global_colors_info=\u00bb{}\u00bb][et_pb_column type=\u00bb1_2&#8243; _builder_version=\u00bb4.25.2&#8243; _module_preset=\u00bbdefault\u00bb global_colors_info=\u00bb{}\u00bb][et_pb_blurb title=\u00bbN\u00daMERO CINCO\u00bb url=\u00bbhttps:\/\/revistaquiote.org\/?page_id=2252&#8243; image=\u00bbhttps:\/\/revistaquiote.org\/wp-content\/uploads\/2025\/12\/quiote_n05.png\u00bb _builder_version=\u00bb4.27.4&#8243; _module_preset=\u00bbdefault\u00bb header_font=\u00bb|600|||||||\u00bb body_text_color=\u00bb#242424&#8243; body_font_size=\u00bb13px\u00bb global_colors_info=\u00bb{}\u00bb]<\/p>\n<p>Agosto, 2025\u00a0 |\u00a0 <a href=\"https:\/\/revistaquiote.org\/?page_id=3143\"><strong>lee n\u00famero 5<\/strong>\u00a0<\/a>|\u00a0 <strong><a href=\"https:\/\/revistaquiote.org\/wp-content\/uploads\/2025\/12\/QUIOTE-CINCO-5.pdf\" target=\"_blank\" rel=\"noopener\">descarga n\u00famero 5<\/a><\/strong><\/p>\n<p>[\/et_pb_blurb][\/et_pb_column][et_pb_column type=\u00bb1_2&#8243; _builder_version=\u00bb4.25.2&#8243; _module_preset=\u00bbdefault\u00bb global_colors_info=\u00bb{}\u00bb][et_pb_text _builder_version=\u00bb4.27.4&#8243; _module_preset=\u00bbdefault\u00bb text_font=\u00bb|800|||||||\u00bb text_text_color=\u00bb#004576&#8243; text_font_size=\u00bb17px\u00bb text_orientation=\u00bbright\u00bb custom_padding=\u00bb30px|||||\u00bb global_colors_info=\u00bb{}\u00bb]<\/p>\n<p style=\"text-align: left;\">N\u00daMERO 5<\/p>\n<p>[\/et_pb_text][et_pb_text _builder_version=\u00bb4.27.4&#8243; _module_preset=\u00bbdefault\u00bb text_font_size=\u00bb11px\u00bb text_line_height=\u00bb1.6em\u00bb animation_style=\u00bbbounce\u00bb animation_direction=\u00bbright\u00bb global_colors_info=\u00bb{}\u00bb]<\/p>\n<p class=\"p1\"><b>Los buenos d\u00edas<br \/><\/b>Joaqu\u00edn Berruecos<\/p>\n<p><b>Terrazas agr\u00edcolas: patrimonio biocultural de la ciudad de M\u00e9xico. Comisi\u00f3n de Recursos Naturales y Desarrollo Rural<br \/><\/b><strong><\/strong>Juana S\u00e1nchez S\u00e1nchez<\/p>\n<p><b>Gr\u00e1fica comunitaria en San Miguel Topilejo: una historia de vida<br \/><\/b><strong><\/strong>Jeshua Sicardo<span class=\"Apple-converted-space\">\u00a0<\/span><\/p>\n<p><b>No grabamos el hueco en el metal pero s\u00ed en la memoria. Experiencias gr\u00e1ficas desde la universidad<span class=\"Apple-converted-space\"><br \/><\/span><\/b><strong><\/strong>Ana Gilardi<span class=\"Apple-converted-space\">\u00a0<\/span><\/p>\n<p><b>Aprehensi\u00f3n de im\u00e1genes con luz. Procesos de magia y alquimia<br \/><\/b><strong><\/strong>Erandeny Osorio<\/p>\n<p><b>Mujer\/Memoria del tiempo<br \/><\/b>Noem\u00ed G\u00f3mez Bravo<\/p>\n<p><span class=\"Apple-converted-space\"><strong>#SHOWBLITZKRIEG | <\/strong><\/span><b>Totalidad y la condici\u00f3n no subalterna del arte<br \/><\/b><span class=\"Apple-converted-space\"><strong><\/strong>C\u00e9sar Cort\u00e9s Vega<\/span><\/p>\n<p><b>Lo que mira al suelo<br \/><\/b>Adriana Cano<span class=\"Apple-converted-space\">\u00a0<\/span><\/p>\n<p><strong>CALAVERAS &amp; DIABLITOS | <\/strong><b>Sombras en tiempos perdidos: \u00a1pongan Caifanes!<br \/><\/b><strong><\/strong>Miguel Torres<\/p>\n<p><b>Facultad de Ciencias, unam. 85 a\u00f1os compartiendo cultura cient\u00edfica en M\u00e9xico<br \/><\/b><strong><\/strong>Un indio cuidapir\u00e1mides<\/p>\n<p><b>En busca de una arquitectura emocional. Una entrevista a Helen Escobedo sobre la Casa Cueva de Juan O\u2019Gorman<br \/><\/b>Lucila Rousset y Joaqu\u00edn D\u00edez-Canedo Novelo<\/p>\n<p>[\/et_pb_text][\/et_pb_column][\/et_pb_row][et_pb_row _builder_version=\u00bb4.27.4&#8243; _module_preset=\u00bbdefault\u00bb global_colors_info=\u00bb{}\u00bb][et_pb_column type=\u00bb4_4&#8243; _builder_version=\u00bb4.27.4&#8243; _module_preset=\u00bbdefault\u00bb global_colors_info=\u00bb{}\u00bb][et_pb_blog fullwidth=\u00bboff\u00bb include_categories=\u00bb267&#8243; show_date=\u00bboff\u00bb show_categories=\u00bboff\u00bb show_pagination=\u00bboff\u00bb _builder_version=\u00bb4.27.4&#8243; _module_preset=\u00bbdefault\u00bb header_level=\u00bbh5&#8243; body_font_size=\u00bb11px\u00bb body_line_height=\u00bb1.6em\u00bb meta_font_size=\u00bb12px\u00bb global_colors_info=\u00bb{}\u00bb][\/et_pb_blog][\/et_pb_column][\/et_pb_row][\/et_pb_section]<\/p>\n","protected":false},"excerpt":{"rendered":"<p>Agosto, 2025\u00a0 |\u00a0 lee n\u00famero 5\u00a0|\u00a0 descarga n\u00famero 5N\u00daMERO 5Los buenos d\u00edasJoaqu\u00edn Berruecos Terrazas agr\u00edcolas: patrimonio biocultural de la ciudad de M\u00e9xico. Comisi\u00f3n de Recursos Naturales y Desarrollo RuralJuana S\u00e1nchez S\u00e1nchez Gr\u00e1fica comunitaria en San Miguel Topilejo: una historia de vidaJeshua Sicardo\u00a0 No grabamos el hueco en el metal pero s\u00ed en la memoria. Experiencias [&hellip;]<\/p>\n","protected":false},"author":1,"featured_media":0,"parent":0,"menu_order":0,"comment_status":"closed","ping_status":"closed","template":"","meta":{"_et_pb_use_builder":"on","_et_pb_old_content":"","_et_gb_content_width":"","footnotes":""},"class_list":["post-3151","page","type-page","status-publish","hentry"],"yoast_head":"<!-- This site is optimized with the Yoast SEO plugin v27.3 - https:\/\/yoast.com\/product\/yoast-seo-wordpress\/ -->\n<title>QUIOTE N\u00daMERO 5 - REVISTA QUIOTE<\/title>\n<meta name=\"robots\" content=\"index, follow, max-snippet:-1, max-image-preview:large, max-video-preview:-1\" \/>\n<link rel=\"canonical\" href=\"https:\/\/revistaquiote.org\/?page_id=3151\" \/>\n<meta property=\"og:locale\" content=\"es_ES\" \/>\n<meta property=\"og:type\" content=\"article\" \/>\n<meta property=\"og:title\" content=\"QUIOTE N\u00daMERO 5 - REVISTA QUIOTE\" \/>\n<meta property=\"og:description\" content=\"Agosto, 2025\u00a0 |\u00a0 lee n\u00famero 5\u00a0|\u00a0 descarga n\u00famero 5N\u00daMERO 5Los buenos d\u00edasJoaqu\u00edn Berruecos Terrazas agr\u00edcolas: patrimonio biocultural de la ciudad de M\u00e9xico. Comisi\u00f3n de Recursos Naturales y Desarrollo RuralJuana S\u00e1nchez S\u00e1nchez Gr\u00e1fica comunitaria en San Miguel Topilejo: una historia de vidaJeshua Sicardo\u00a0 No grabamos el hueco en el metal pero s\u00ed en la memoria. Experiencias [&hellip;]\" \/>\n<meta property=\"og:url\" content=\"https:\/\/revistaquiote.org\/?page_id=3151\" \/>\n<meta property=\"og:site_name\" content=\"REVISTA QUIOTE\" \/>\n<meta property=\"article:publisher\" content=\"https:\/\/www.facebook.com\/profile.php?id=61581285934903&amp;rdid=NyTBdLDXXt5DTPla&amp;share_url=httpswww.facebook.comshare16XQGGa34v#\" \/>\n<meta property=\"article:modified_time\" content=\"2026-02-15T17:02:48+00:00\" \/>\n<meta name=\"twitter:card\" content=\"summary_large_image\" \/>\n<meta name=\"twitter:site\" content=\"@RQuiote\" \/>\n<script type=\"application\/ld+json\" class=\"yoast-schema-graph\">{\"@context\":\"https:\\\/\\\/schema.org\",\"@graph\":[{\"@type\":\"WebPage\",\"@id\":\"https:\\\/\\\/revistaquiote.org\\\/?page_id=3151\",\"url\":\"https:\\\/\\\/revistaquiote.org\\\/?page_id=3151\",\"name\":\"QUIOTE N\u00daMERO 5 - REVISTA QUIOTE\",\"isPartOf\":{\"@id\":\"https:\\\/\\\/revistaquiote.org\\\/#website\"},\"datePublished\":\"2025-12-01T19:49:24+00:00\",\"dateModified\":\"2026-02-15T17:02:48+00:00\",\"breadcrumb\":{\"@id\":\"https:\\\/\\\/revistaquiote.org\\\/?page_id=3151#breadcrumb\"},\"inLanguage\":\"es\",\"potentialAction\":[{\"@type\":\"ReadAction\",\"target\":[\"https:\\\/\\\/revistaquiote.org\\\/?page_id=3151\"]}]},{\"@type\":\"BreadcrumbList\",\"@id\":\"https:\\\/\\\/revistaquiote.org\\\/?page_id=3151#breadcrumb\",\"itemListElement\":[{\"@type\":\"ListItem\",\"position\":1,\"name\":\"Portada\",\"item\":\"https:\\\/\\\/revistaquiote.org\\\/\"},{\"@type\":\"ListItem\",\"position\":2,\"name\":\"QUIOTE N\u00daMERO 5\"}]},{\"@type\":\"WebSite\",\"@id\":\"https:\\\/\\\/revistaquiote.org\\\/#website\",\"url\":\"https:\\\/\\\/revistaquiote.org\\\/\",\"name\":\"REVISTA QUIOTE\",\"description\":\"N\u00daMERO SEIS\",\"publisher\":{\"@id\":\"https:\\\/\\\/revistaquiote.org\\\/#organization\"},\"potentialAction\":[{\"@type\":\"SearchAction\",\"target\":{\"@type\":\"EntryPoint\",\"urlTemplate\":\"https:\\\/\\\/revistaquiote.org\\\/?s={search_term_string}\"},\"query-input\":{\"@type\":\"PropertyValueSpecification\",\"valueRequired\":true,\"valueName\":\"search_term_string\"}}],\"inLanguage\":\"es\"},{\"@type\":\"Organization\",\"@id\":\"https:\\\/\\\/revistaquiote.org\\\/#organization\",\"name\":\"REVISTA QUIOTE\",\"url\":\"https:\\\/\\\/revistaquiote.org\\\/\",\"logo\":{\"@type\":\"ImageObject\",\"inLanguage\":\"es\",\"@id\":\"https:\\\/\\\/revistaquiote.org\\\/#\\\/schema\\\/logo\\\/image\\\/\",\"url\":\"https:\\\/\\\/revistaquiote.org\\\/wp-content\\\/uploads\\\/2023\\\/06\\\/Quiote-logo_01.png\",\"contentUrl\":\"https:\\\/\\\/revistaquiote.org\\\/wp-content\\\/uploads\\\/2023\\\/06\\\/Quiote-logo_01.png\",\"width\":1042,\"height\":417,\"caption\":\"REVISTA QUIOTE\"},\"image\":{\"@id\":\"https:\\\/\\\/revistaquiote.org\\\/#\\\/schema\\\/logo\\\/image\\\/\"},\"sameAs\":[\"https:\\\/\\\/www.facebook.com\\\/profile.php?id=61581285934903&rdid=NyTBdLDXXt5DTPla&share_url=httpswww.facebook.comshare16XQGGa34v#\",\"https:\\\/\\\/x.com\\\/RQuiote\",\"https:\\\/\\\/www.instagram.com\\\/revista.quiote\\\/\"]}]}<\/script>\n<!-- \/ Yoast SEO plugin. -->","yoast_head_json":{"title":"QUIOTE N\u00daMERO 5 - REVISTA QUIOTE","robots":{"index":"index","follow":"follow","max-snippet":"max-snippet:-1","max-image-preview":"max-image-preview:large","max-video-preview":"max-video-preview:-1"},"canonical":"https:\/\/revistaquiote.org\/?page_id=3151","og_locale":"es_ES","og_type":"article","og_title":"QUIOTE N\u00daMERO 5 - REVISTA QUIOTE","og_description":"Agosto, 2025\u00a0 |\u00a0 lee n\u00famero 5\u00a0|\u00a0 descarga n\u00famero 5N\u00daMERO 5Los buenos d\u00edasJoaqu\u00edn Berruecos Terrazas agr\u00edcolas: patrimonio biocultural de la ciudad de M\u00e9xico. Comisi\u00f3n de Recursos Naturales y Desarrollo RuralJuana S\u00e1nchez S\u00e1nchez Gr\u00e1fica comunitaria en San Miguel Topilejo: una historia de vidaJeshua Sicardo\u00a0 No grabamos el hueco en el metal pero s\u00ed en la memoria. Experiencias [&hellip;]","og_url":"https:\/\/revistaquiote.org\/?page_id=3151","og_site_name":"REVISTA QUIOTE","article_publisher":"https:\/\/www.facebook.com\/profile.php?id=61581285934903&rdid=NyTBdLDXXt5DTPla&share_url=httpswww.facebook.comshare16XQGGa34v#","article_modified_time":"2026-02-15T17:02:48+00:00","twitter_card":"summary_large_image","twitter_site":"@RQuiote","schema":{"@context":"https:\/\/schema.org","@graph":[{"@type":"WebPage","@id":"https:\/\/revistaquiote.org\/?page_id=3151","url":"https:\/\/revistaquiote.org\/?page_id=3151","name":"QUIOTE N\u00daMERO 5 - REVISTA QUIOTE","isPartOf":{"@id":"https:\/\/revistaquiote.org\/#website"},"datePublished":"2025-12-01T19:49:24+00:00","dateModified":"2026-02-15T17:02:48+00:00","breadcrumb":{"@id":"https:\/\/revistaquiote.org\/?page_id=3151#breadcrumb"},"inLanguage":"es","potentialAction":[{"@type":"ReadAction","target":["https:\/\/revistaquiote.org\/?page_id=3151"]}]},{"@type":"BreadcrumbList","@id":"https:\/\/revistaquiote.org\/?page_id=3151#breadcrumb","itemListElement":[{"@type":"ListItem","position":1,"name":"Portada","item":"https:\/\/revistaquiote.org\/"},{"@type":"ListItem","position":2,"name":"QUIOTE N\u00daMERO 5"}]},{"@type":"WebSite","@id":"https:\/\/revistaquiote.org\/#website","url":"https:\/\/revistaquiote.org\/","name":"REVISTA QUIOTE","description":"N\u00daMERO SEIS","publisher":{"@id":"https:\/\/revistaquiote.org\/#organization"},"potentialAction":[{"@type":"SearchAction","target":{"@type":"EntryPoint","urlTemplate":"https:\/\/revistaquiote.org\/?s={search_term_string}"},"query-input":{"@type":"PropertyValueSpecification","valueRequired":true,"valueName":"search_term_string"}}],"inLanguage":"es"},{"@type":"Organization","@id":"https:\/\/revistaquiote.org\/#organization","name":"REVISTA QUIOTE","url":"https:\/\/revistaquiote.org\/","logo":{"@type":"ImageObject","inLanguage":"es","@id":"https:\/\/revistaquiote.org\/#\/schema\/logo\/image\/","url":"https:\/\/revistaquiote.org\/wp-content\/uploads\/2023\/06\/Quiote-logo_01.png","contentUrl":"https:\/\/revistaquiote.org\/wp-content\/uploads\/2023\/06\/Quiote-logo_01.png","width":1042,"height":417,"caption":"REVISTA QUIOTE"},"image":{"@id":"https:\/\/revistaquiote.org\/#\/schema\/logo\/image\/"},"sameAs":["https:\/\/www.facebook.com\/profile.php?id=61581285934903&rdid=NyTBdLDXXt5DTPla&share_url=httpswww.facebook.comshare16XQGGa34v#","https:\/\/x.com\/RQuiote","https:\/\/www.instagram.com\/revista.quiote\/"]}]}},"jetpack_sharing_enabled":true,"_links":{"self":[{"href":"https:\/\/revistaquiote.org\/index.php?rest_route=\/wp\/v2\/pages\/3151","targetHints":{"allow":["GET"]}}],"collection":[{"href":"https:\/\/revistaquiote.org\/index.php?rest_route=\/wp\/v2\/pages"}],"about":[{"href":"https:\/\/revistaquiote.org\/index.php?rest_route=\/wp\/v2\/types\/page"}],"author":[{"embeddable":true,"href":"https:\/\/revistaquiote.org\/index.php?rest_route=\/wp\/v2\/users\/1"}],"replies":[{"embeddable":true,"href":"https:\/\/revistaquiote.org\/index.php?rest_route=%2Fwp%2Fv2%2Fcomments&post=3151"}],"version-history":[{"count":5,"href":"https:\/\/revistaquiote.org\/index.php?rest_route=\/wp\/v2\/pages\/3151\/revisions"}],"predecessor-version":[{"id":3405,"href":"https:\/\/revistaquiote.org\/index.php?rest_route=\/wp\/v2\/pages\/3151\/revisions\/3405"}],"wp:attachment":[{"href":"https:\/\/revistaquiote.org\/index.php?rest_route=%2Fwp%2Fv2%2Fmedia&parent=3151"}],"curies":[{"name":"wp","href":"https:\/\/api.w.org\/{rel}","templated":true}]}}